{"id":1833,"date":"2023-06-11T22:16:01","date_gmt":"2023-06-11T22:16:01","guid":{"rendered":"https:\/\/alisukru.org\/?post_type=product&#038;p=1833"},"modified":"2024-10-03T17:22:08","modified_gmt":"2024-10-03T14:22:08","slug":"bilgisayarli-uluslararasi-ticaret-islemleri-bikosoft-exporter-systems","status":"publish","type":"product","link":"https:\/\/alisukru.org\/?product=bilgisayarli-uluslararasi-ticaret-islemleri-bikosoft-exporter-systems","title":{"rendered":"Bilgisayarl\u0131 Uluslararas\u0131 Ticaret \u0130\u015flemleri: Bikosoft Exporter Systems"},"content":{"rendered":"<p>\u00c7ok y\u00f6nl\u00fc ve \u00e7ok payda\u015fl\u0131 bir s\u00fcre\u00e7 olan uluslararas\u0131 ticaret i\u015flemlerinin ba\u015far\u0131l\u0131 y\u00f6netilmesi etkin bilgi y\u00f6netimini gerekli k\u0131lmaktad\u0131r. Uluslararas\u0131 ticaret i\u015flemleri y\u00f6netim yaz\u0131l\u0131m\u0131 olan Bikosoft Exporter Systems; firma ve \u00fcr\u00fcn veri taban\u0131 olu\u015fturma, m\u00fc\u015fteri ili\u015fkileri y\u00f6netimi, pazar ara\u015ft\u0131rmas\u0131, teklif haz\u0131rlama, sat\u0131\u015f ve pazarlama, \u00fcretim ve stok s\u00fcreci takibi, ihracat-ithalat belgelerinin hatas\u0131z ve otomatik haz\u0131rlanmas\u0131, teslim ve \u00f6deme s\u00fcre\u00e7lerinin y\u00f6netilmesi, sat\u0131\u015f sonras\u0131 garanti ve servis hizmetlerinin takibi, \u00fclke baz\u0131nda istihbarat bilgilerinin y\u00f6netilmesi, \u00e7ok y\u00f6nl\u00fc raporlar al\u0131nmas\u0131 ve nihayetinde i\u015fletmelerin kurumsal haf\u0131zalar\u0131n\u0131n hep canl\u0131 kalmas\u0131 olanaklar\u0131n\u0131 sa\u011flamaktad\u0131r. G\u00fcn\u00fcm\u00fcz bilgi \u00e7a\u011f\u0131nda uluslararas\u0131 ticaret yapan firmalar ve bu ticarete arac\u0131l\u0131k eden arac\u0131 i\u015fletmeler i\u00e7in bilgisayarl\u0131 sistemler ka\u00e7\u0131n\u0131lmaz bir gerekliliktir. Bu kitapta, bilgisayarl\u0131 uluslararas\u0131 ticaret i\u015flemleri, bu alanda \u00f6nc\u00fc olan Bikosoft Exporter Systems yaz\u0131l\u0131m\u0131n\u0131n kullan\u0131m\u0131 ile anlat\u0131lmaktad\u0131r.<\/p>\n","protected":false},"excerpt":{"rendered":"<p>\u00c7ok y\u00f6nl\u00fc ve \u00e7ok payda\u015fl\u0131 bir s\u00fcre\u00e7 olan uluslararas\u0131 ticaret i\u015flemlerinin ba\u015far\u0131l\u0131 y\u00f6netilmesi etkin bilgi y\u00f6netimini gerekli k\u0131lmaktad\u0131r. Uluslararas\u0131 ticaret i\u015flemleri y\u00f6netim yaz\u0131l\u0131m\u0131 olan Bikosoft Exporter Systems; firma ve \u00fcr\u00fcn veri taban\u0131 olu\u015fturma, m\u00fc\u015fteri ili\u015fkileri y\u00f6netimi, pazar ara\u015ft\u0131rmas\u0131, teklif haz\u0131rlama, sat\u0131\u015f ve pazarlama, \u00fcretim ve stok s\u00fcreci takibi, ihracat-ithalat belgelerinin hatas\u0131z ve otomatik haz\u0131rlanmas\u0131, teslim [&hellip;]<\/p>\n","protected":false},"featured_media":1585,"comment_status":"open","ping_status":"closed","template":"","meta":{"_uag_custom_page_level_css":"","site-sidebar-layout":"default","site-content-layout":"default","ast-site-content-layout":"default","site-content-style":"default","site-sidebar-style":"default","ast-global-header-display":"","ast-banner-title-visibility":"","ast-main-header-display":"","ast-hfb-above-header-display":"","ast-hfb-below-header-display":"","ast-hfb-mobile-header-display":"","site-post-title":"","ast-breadcrumbs-content":"","ast-featured-img":"","footer-sml-layout":"","ast-disable-related-posts":"","theme-transparent-header-meta":"default","adv-header-id-meta":"","stick-header-meta":"","header-above-stick-meta":"","header-main-stick-meta":"","header-below-stick-meta":"","astra-migrate-meta-layouts":"set","ast-page-background-enabled":"default","ast-page-background-meta":{"desktop":{"background-color":"","background-image":"","background-repeat":"repeat","background-position":"center center","background-size":"auto","background-attachment":"scroll","background-type":"","background-media":"","overlay-type":"","overlay-color":"","overlay-opacity":"","overlay-gradient":""},"tablet":{"background-color":"","background-image":"","background-repeat":"repeat","background-position":"center center","background-size":"auto","background-attachment":"scroll","background-type":"","background-media":"","overlay-type":"","overlay-color":"","overlay-opacity":"","overlay-gradient":""},"mobile":{"background-color":"","background-image":"","background-repeat":"repeat","background-position":"center center","background-size":"auto","background-attachment":"scroll","background-type":"","background-media":"","overlay-type":"","overlay-color":"","overlay-opacity":"","overlay-gradient":""}},"ast-content-background-meta":{"desktop":{"background-color":"var(--ast-global-color-5)","background-image":"","background-repeat":"repeat","background-position":"center center","background-size":"auto","background-attachment":"scroll","background-type":"","background-media":"","overlay-type":"","overlay-color":"","overlay-opacity":"","overlay-gradient":""},"tablet":{"background-color":"var(--ast-global-color-5)","background-image":"","background-repeat":"repeat","background-position":"center center","background-size":"auto","background-attachment":"scroll","background-type":"","background-media":"","overlay-type":"","overlay-color":"","overlay-opacity":"","overlay-gradient":""},"mobile":{"background-color":"var(--ast-global-color-5)","background-image":"","background-repeat":"repeat","background-position":"center center","background-size":"auto","background-attachment":"scroll","background-type":"","background-media":"","overlay-type":"","overlay-color":"","overlay-opacity":"","overlay-gradient":""}}},"product_brand":[],"product_cat":[31],"product_tag":[32],"class_list":{"0":"post-1833","1":"product","2":"type-product","3":"status-publish","4":"has-post-thumbnail","6":"product_cat-kitap","7":"product_tag-bikosoft","8":"desktop-align-left","9":"tablet-align-left","10":"mobile-align-left","12":"first","13":"outofstock","14":"sale","15":"shipping-taxable","16":"purchasable","17":"product-type-simple"},"a3_pvc":{"activated":false,"total_views":0,"today_views":0},"yoast_head":"<!-- This site is optimized with the Yoast SEO plugin v27.4 - https:\/\/yoast.com\/product\/yoast-seo-wordpress\/ -->\n<title>Bilgisayarl\u0131 Uluslararas\u0131 Ticaret \u0130\u015flemleri: Bikosoft Exporter Systems - Ali Sukru Cetinkaya<\/title>\n<meta name=\"robots\" content=\"index, follow, max-snippet:-1, max-image-preview:large, max-video-preview:-1\" \/>\n<link rel=\"canonical\" href=\"https:\/\/alisukru.org\/?product=bilgisayarli-uluslararasi-ticaret-islemleri-bikosoft-exporter-systems\" \/>\n<meta property=\"og:locale\" content=\"tr_TR\" \/>\n<meta property=\"og:type\" content=\"article\" \/>\n<meta property=\"og:title\" content=\"Bilgisayarl\u0131 Uluslararas\u0131 Ticaret \u0130\u015flemleri: Bikosoft Exporter Systems - Ali Sukru Cetinkaya\" \/>\n<meta property=\"og:description\" content=\"\u00c7ok y\u00f6nl\u00fc ve \u00e7ok payda\u015fl\u0131 bir s\u00fcre\u00e7 olan uluslararas\u0131 ticaret i\u015flemlerinin ba\u015far\u0131l\u0131 y\u00f6netilmesi etkin bilgi y\u00f6netimini gerekli k\u0131lmaktad\u0131r. Uluslararas\u0131 ticaret i\u015flemleri y\u00f6netim yaz\u0131l\u0131m\u0131 olan Bikosoft Exporter Systems; firma ve \u00fcr\u00fcn veri taban\u0131 olu\u015fturma, m\u00fc\u015fteri ili\u015fkileri y\u00f6netimi, pazar ara\u015ft\u0131rmas\u0131, teklif haz\u0131rlama, sat\u0131\u015f ve pazarlama, \u00fcretim ve stok s\u00fcreci takibi, ihracat-ithalat belgelerinin hatas\u0131z ve otomatik haz\u0131rlanmas\u0131, teslim [&hellip;]\" \/>\n<meta property=\"og:url\" content=\"https:\/\/alisukru.org\/?product=bilgisayarli-uluslararasi-ticaret-islemleri-bikosoft-exporter-systems\" \/>\n<meta property=\"og:site_name\" content=\"Ali Sukru Cetinkaya\" \/>\n<meta property=\"article:modified_time\" content=\"2024-10-03T14:22:08+00:00\" \/>\n<meta property=\"og:image\" content=\"https:\/\/alisukru.org\/wp-content\/uploads\/2023\/06\/bikosoft.jpg\" \/>\n\t<meta property=\"og:image:width\" content=\"207\" \/>\n\t<meta property=\"og:image:height\" content=\"300\" \/>\n\t<meta property=\"og:image:type\" content=\"image\/jpeg\" \/>\n<meta name=\"twitter:card\" content=\"summary_large_image\" \/>\n<meta name=\"twitter:label1\" content=\"Tahmini okuma s\u00fcresi\" \/>\n\t<meta name=\"twitter:data1\" content=\"1 dakika\" \/>\n<script type=\"application\/ld+json\" class=\"yoast-schema-graph\">{\"@context\":\"https:\\\/\\\/schema.org\",\"@graph\":[{\"@type\":\"WebPage\",\"@id\":\"https:\\\/\\\/alisukru.org\\\/?product=bilgisayarli-uluslararasi-ticaret-islemleri-bikosoft-exporter-systems\",\"url\":\"https:\\\/\\\/alisukru.org\\\/?product=bilgisayarli-uluslararasi-ticaret-islemleri-bikosoft-exporter-systems\",\"name\":\"Bilgisayarl\u0131 Uluslararas\u0131 Ticaret \u0130\u015flemleri: Bikosoft Exporter Systems - Ali Sukru Cetinkaya\",\"isPartOf\":{\"@id\":\"https:\\\/\\\/alisukru.org\\\/#website\"},\"primaryImageOfPage\":{\"@id\":\"https:\\\/\\\/alisukru.org\\\/?product=bilgisayarli-uluslararasi-ticaret-islemleri-bikosoft-exporter-systems#primaryimage\"},\"image\":{\"@id\":\"https:\\\/\\\/alisukru.org\\\/?product=bilgisayarli-uluslararasi-ticaret-islemleri-bikosoft-exporter-systems#primaryimage\"},\"thumbnailUrl\":\"https:\\\/\\\/alisukru.org\\\/wp-content\\\/uploads\\\/2023\\\/06\\\/bikosoft.jpg\",\"datePublished\":\"2023-06-11T22:16:01+00:00\",\"dateModified\":\"2024-10-03T14:22:08+00:00\",\"breadcrumb\":{\"@id\":\"https:\\\/\\\/alisukru.org\\\/?product=bilgisayarli-uluslararasi-ticaret-islemleri-bikosoft-exporter-systems#breadcrumb\"},\"inLanguage\":\"tr\",\"potentialAction\":[{\"@type\":\"ReadAction\",\"target\":[\"https:\\\/\\\/alisukru.org\\\/?product=bilgisayarli-uluslararasi-ticaret-islemleri-bikosoft-exporter-systems\"]}]},{\"@type\":\"ImageObject\",\"inLanguage\":\"tr\",\"@id\":\"https:\\\/\\\/alisukru.org\\\/?product=bilgisayarli-uluslararasi-ticaret-islemleri-bikosoft-exporter-systems#primaryimage\",\"url\":\"https:\\\/\\\/alisukru.org\\\/wp-content\\\/uploads\\\/2023\\\/06\\\/bikosoft.jpg\",\"contentUrl\":\"https:\\\/\\\/alisukru.org\\\/wp-content\\\/uploads\\\/2023\\\/06\\\/bikosoft.jpg\",\"width\":207,\"height\":300},{\"@type\":\"BreadcrumbList\",\"@id\":\"https:\\\/\\\/alisukru.org\\\/?product=bilgisayarli-uluslararasi-ticaret-islemleri-bikosoft-exporter-systems#breadcrumb\",\"itemListElement\":[{\"@type\":\"ListItem\",\"position\":1,\"name\":\"Anasayfa\",\"item\":\"https:\\\/\\\/alisukru.org\\\/\"},{\"@type\":\"ListItem\",\"position\":2,\"name\":\"Sat\u0131n Al\",\"item\":\"https:\\\/\\\/alisukru.org\\\/?page_id=27\"},{\"@type\":\"ListItem\",\"position\":3,\"name\":\"Bilgisayarl\u0131 Uluslararas\u0131 Ticaret \u0130\u015flemleri: Bikosoft Exporter Systems\"}]},{\"@type\":\"WebSite\",\"@id\":\"https:\\\/\\\/alisukru.org\\\/#website\",\"url\":\"https:\\\/\\\/alisukru.org\\\/\",\"name\":\"Ali Sukru Cetinkaya\",\"description\":\"\",\"publisher\":{\"@id\":\"https:\\\/\\\/alisukru.org\\\/#\\\/schema\\\/person\\\/91e17e5bf8c66d4ac1567139eac09434\"},\"potentialAction\":[{\"@type\":\"SearchAction\",\"target\":{\"@type\":\"EntryPoint\",\"urlTemplate\":\"https:\\\/\\\/alisukru.org\\\/?s={search_term_string}\"},\"query-input\":{\"@type\":\"PropertyValueSpecification\",\"valueRequired\":true,\"valueName\":\"search_term_string\"}}],\"inLanguage\":\"tr\"},{\"@type\":[\"Person\",\"Organization\"],\"@id\":\"https:\\\/\\\/alisukru.org\\\/#\\\/schema\\\/person\\\/91e17e5bf8c66d4ac1567139eac09434\",\"name\":\"alisukru\",\"image\":{\"@type\":\"ImageObject\",\"inLanguage\":\"tr\",\"@id\":\"https:\\\/\\\/alisukru.org\\\/wp-content\\\/uploads\\\/2023\\\/06\\\/logo_alisukru_tr.png\",\"url\":\"https:\\\/\\\/alisukru.org\\\/wp-content\\\/uploads\\\/2023\\\/06\\\/logo_alisukru_tr.png\",\"contentUrl\":\"https:\\\/\\\/alisukru.org\\\/wp-content\\\/uploads\\\/2023\\\/06\\\/logo_alisukru_tr.png\",\"width\":175,\"height\":24,\"caption\":\"alisukru\"},\"logo\":{\"@id\":\"https:\\\/\\\/alisukru.org\\\/wp-content\\\/uploads\\\/2023\\\/06\\\/logo_alisukru_tr.png\"}}]}<\/script>\n<!-- \/ Yoast SEO plugin. -->","yoast_head_json":{"title":"Bilgisayarl\u0131 Uluslararas\u0131 Ticaret \u0130\u015flemleri: Bikosoft Exporter Systems - Ali Sukru Cetinkaya","robots":{"index":"index","follow":"follow","max-snippet":"max-snippet:-1","max-image-preview":"max-image-preview:large","max-video-preview":"max-video-preview:-1"},"canonical":"https:\/\/alisukru.org\/?product=bilgisayarli-uluslararasi-ticaret-islemleri-bikosoft-exporter-systems","og_locale":"tr_TR","og_type":"article","og_title":"Bilgisayarl\u0131 Uluslararas\u0131 Ticaret \u0130\u015flemleri: Bikosoft Exporter Systems - Ali Sukru Cetinkaya","og_description":"\u00c7ok y\u00f6nl\u00fc ve \u00e7ok payda\u015fl\u0131 bir s\u00fcre\u00e7 olan uluslararas\u0131 ticaret i\u015flemlerinin ba\u015far\u0131l\u0131 y\u00f6netilmesi etkin bilgi y\u00f6netimini gerekli k\u0131lmaktad\u0131r. Uluslararas\u0131 ticaret i\u015flemleri y\u00f6netim yaz\u0131l\u0131m\u0131 olan Bikosoft Exporter Systems; firma ve \u00fcr\u00fcn veri taban\u0131 olu\u015fturma, m\u00fc\u015fteri ili\u015fkileri y\u00f6netimi, pazar ara\u015ft\u0131rmas\u0131, teklif haz\u0131rlama, sat\u0131\u015f ve pazarlama, \u00fcretim ve stok s\u00fcreci takibi, ihracat-ithalat belgelerinin hatas\u0131z ve otomatik haz\u0131rlanmas\u0131, teslim [&hellip;]","og_url":"https:\/\/alisukru.org\/?product=bilgisayarli-uluslararasi-ticaret-islemleri-bikosoft-exporter-systems","og_site_name":"Ali Sukru Cetinkaya","article_modified_time":"2024-10-03T14:22:08+00:00","og_image":[{"width":207,"height":300,"url":"https:\/\/alisukru.org\/wp-content\/uploads\/2023\/06\/bikosoft.jpg","type":"image\/jpeg"}],"twitter_card":"summary_large_image","twitter_misc":{"Tahmini okuma s\u00fcresi":"1 dakika"},"schema":{"@context":"https:\/\/schema.org","@graph":[{"@type":"WebPage","@id":"https:\/\/alisukru.org\/?product=bilgisayarli-uluslararasi-ticaret-islemleri-bikosoft-exporter-systems","url":"https:\/\/alisukru.org\/?product=bilgisayarli-uluslararasi-ticaret-islemleri-bikosoft-exporter-systems","name":"Bilgisayarl\u0131 Uluslararas\u0131 Ticaret \u0130\u015flemleri: Bikosoft Exporter Systems - Ali Sukru Cetinkaya","isPartOf":{"@id":"https:\/\/alisukru.org\/#website"},"primaryImageOfPage":{"@id":"https:\/\/alisukru.org\/?product=bilgisayarli-uluslararasi-ticaret-islemleri-bikosoft-exporter-systems#primaryimage"},"image":{"@id":"https:\/\/alisukru.org\/?product=bilgisayarli-uluslararasi-ticaret-islemleri-bikosoft-exporter-systems#primaryimage"},"thumbnailUrl":"https:\/\/alisukru.org\/wp-content\/uploads\/2023\/06\/bikosoft.jpg","datePublished":"2023-06-11T22:16:01+00:00","dateModified":"2024-10-03T14:22:08+00:00","breadcrumb":{"@id":"https:\/\/alisukru.org\/?product=bilgisayarli-uluslararasi-ticaret-islemleri-bikosoft-exporter-systems#breadcrumb"},"inLanguage":"tr","potentialAction":[{"@type":"ReadAction","target":["https:\/\/alisukru.org\/?product=bilgisayarli-uluslararasi-ticaret-islemleri-bikosoft-exporter-systems"]}]},{"@type":"ImageObject","inLanguage":"tr","@id":"https:\/\/alisukru.org\/?product=bilgisayarli-uluslararasi-ticaret-islemleri-bikosoft-exporter-systems#primaryimage","url":"https:\/\/alisukru.org\/wp-content\/uploads\/2023\/06\/bikosoft.jpg","contentUrl":"https:\/\/alisukru.org\/wp-content\/uploads\/2023\/06\/bikosoft.jpg","width":207,"height":300},{"@type":"BreadcrumbList","@id":"https:\/\/alisukru.org\/?product=bilgisayarli-uluslararasi-ticaret-islemleri-bikosoft-exporter-systems#breadcrumb","itemListElement":[{"@type":"ListItem","position":1,"name":"Anasayfa","item":"https:\/\/alisukru.org\/"},{"@type":"ListItem","position":2,"name":"Sat\u0131n Al","item":"https:\/\/alisukru.org\/?page_id=27"},{"@type":"ListItem","position":3,"name":"Bilgisayarl\u0131 Uluslararas\u0131 Ticaret \u0130\u015flemleri: Bikosoft Exporter Systems"}]},{"@type":"WebSite","@id":"https:\/\/alisukru.org\/#website","url":"https:\/\/alisukru.org\/","name":"Ali Sukru Cetinkaya","description":"","publisher":{"@id":"https:\/\/alisukru.org\/#\/schema\/person\/91e17e5bf8c66d4ac1567139eac09434"},"potentialAction":[{"@type":"SearchAction","target":{"@type":"EntryPoint","urlTemplate":"https:\/\/alisukru.org\/?s={search_term_string}"},"query-input":{"@type":"PropertyValueSpecification","valueRequired":true,"valueName":"search_term_string"}}],"inLanguage":"tr"},{"@type":["Person","Organization"],"@id":"https:\/\/alisukru.org\/#\/schema\/person\/91e17e5bf8c66d4ac1567139eac09434","name":"alisukru","image":{"@type":"ImageObject","inLanguage":"tr","@id":"https:\/\/alisukru.org\/wp-content\/uploads\/2023\/06\/logo_alisukru_tr.png","url":"https:\/\/alisukru.org\/wp-content\/uploads\/2023\/06\/logo_alisukru_tr.png","contentUrl":"https:\/\/alisukru.org\/wp-content\/uploads\/2023\/06\/logo_alisukru_tr.png","width":175,"height":24,"caption":"alisukru"},"logo":{"@id":"https:\/\/alisukru.org\/wp-content\/uploads\/2023\/06\/logo_alisukru_tr.png"}}]}},"uagb_featured_image_src":{"full":["https:\/\/alisukru.org\/wp-content\/uploads\/2023\/06\/bikosoft.jpg",207,300,false],"thumbnail":["https:\/\/alisukru.org\/wp-content\/uploads\/2023\/06\/bikosoft-150x150.jpg",150,150,true],"medium":["https:\/\/alisukru.org\/wp-content\/uploads\/2023\/06\/bikosoft.jpg",207,300,false],"medium_large":["https:\/\/alisukru.org\/wp-content\/uploads\/2023\/06\/bikosoft.jpg",207,300,false],"large":["https:\/\/alisukru.org\/wp-content\/uploads\/2023\/06\/bikosoft.jpg",207,300,false],"1536x1536":["https:\/\/alisukru.org\/wp-content\/uploads\/2023\/06\/bikosoft.jpg",207,300,false],"2048x2048":["https:\/\/alisukru.org\/wp-content\/uploads\/2023\/06\/bikosoft.jpg",207,300,false],"woocommerce_thumbnail":["https:\/\/alisukru.org\/wp-content\/uploads\/2023\/06\/bikosoft.jpg",207,300,false],"woocommerce_single":["https:\/\/alisukru.org\/wp-content\/uploads\/2023\/06\/bikosoft.jpg",207,300,false],"woocommerce_gallery_thumbnail":["https:\/\/alisukru.org\/wp-content\/uploads\/2023\/06\/bikosoft-100x100.jpg",100,100,true]},"uagb_author_info":{"display_name":"alisukru_alisukru_org","author_link":"https:\/\/alisukru.org\/?author=0"},"uagb_comment_info":0,"uagb_excerpt":"\u00c7ok y\u00f6nl\u00fc ve \u00e7ok payda\u015fl\u0131 bir s\u00fcre\u00e7 olan uluslararas\u0131 ticaret i\u015flemlerinin ba\u015far\u0131l\u0131 y\u00f6netilmesi etkin bilgi y\u00f6netimini gerekli k\u0131lmaktad\u0131r. Uluslararas\u0131 ticaret i\u015flemleri y\u00f6netim yaz\u0131l\u0131m\u0131 olan Bikosoft Exporter Systems; firma ve \u00fcr\u00fcn veri taban\u0131 olu\u015fturma, m\u00fc\u015fteri ili\u015fkileri y\u00f6netimi, pazar ara\u015ft\u0131rmas\u0131, teklif haz\u0131rlama, sat\u0131\u015f ve pazarlama, \u00fcretim ve stok s\u00fcreci takibi, ihracat-ithalat belgelerinin hatas\u0131z ve otomatik haz\u0131rlanmas\u0131, teslim&hellip;","_links":{"self":[{"href":"https:\/\/alisukru.org\/index.php?rest_route=\/wp\/v2\/product\/1833","targetHints":{"allow":["GET"]}}],"collection":[{"href":"https:\/\/alisukru.org\/index.php?rest_route=\/wp\/v2\/product"}],"about":[{"href":"https:\/\/alisukru.org\/index.php?rest_route=\/wp\/v2\/types\/product"}],"replies":[{"embeddable":true,"href":"https:\/\/alisukru.org\/index.php?rest_route=%2Fwp%2Fv2%2Fcomments&post=1833"}],"wp:featuredmedia":[{"embeddable":true,"href":"https:\/\/alisukru.org\/index.php?rest_route=\/wp\/v2\/media\/1585"}],"wp:attachment":[{"href":"https:\/\/alisukru.org\/index.php?rest_route=%2Fwp%2Fv2%2Fmedia&parent=1833"}],"wp:term":[{"taxonomy":"product_brand","embeddable":true,"href":"https:\/\/alisukru.org\/index.php?rest_route=%2Fwp%2Fv2%2Fproduct_brand&post=1833"},{"taxonomy":"product_cat","embeddable":true,"href":"https:\/\/alisukru.org\/index.php?rest_route=%2Fwp%2Fv2%2Fproduct_cat&post=1833"},{"taxonomy":"product_tag","embeddable":true,"href":"https:\/\/alisukru.org\/index.php?rest_route=%2Fwp%2Fv2%2Fproduct_tag&post=1833"}],"curies":[{"name":"wp","href":"https:\/\/api.w.org\/{rel}","templated":true}]}}